{"id":235,"date":"2020-09-02T21:17:19","date_gmt":"2020-09-02T20:17:19","guid":{"rendered":"http:\/\/www.dalgangen.se\/?page_id=235"},"modified":"2020-09-08T21:19:20","modified_gmt":"2020-09-08T20:19:20","slug":"bredband-och-tv","status":"publish","type":"page","link":"https:\/\/www.dalgangen.se\/?page_id=235","title":{"rendered":"Bredband och TV"},"content":{"rendered":"\n<p>F\u00f6reningen har teckant ett avtal med Canal Digital f\u00f6r TV. I m\u00e5nadsavgiften ing\u00e5r endast <a href=\"https:\/\/www.canaldigital.se\/kanalpaket\/baspaketet\/\">basutbudet<\/a>.<\/p>\n\n\n\n<p>Bredband levereras via <a href=\"https:\/\/goteborg.itux.se\/\">ITUX <\/a>(stadsn\u00e4t med fiberanslutning), abonnemang tecknas separat av bostadsr\u00e4ttsinnehavaren.<\/p>\n\n\n\n<p><\/p>\n","protected":false},"excerpt":{"rendered":"<p>F\u00f6reningen har teckant ett avtal med Canal Digital f\u00f6r TV. I m\u00e5nadsavgiften ing\u00e5r endast basutbudet. Bredband levereras via ITUX (stadsn\u00e4t med fiberanslutning), abonnemang tecknas separat av bostadsr\u00e4ttsinnehavaren.<\/p>\n","protected":false},"author":1,"featured_media":0,"parent":0,"menu_order":0,"comment_status":"closed","ping_status":"closed","template":"","meta":[],"_links":{"self":[{"href":"https:\/\/www.dalgangen.se\/index.php?rest_route=\/wp\/v2\/pages\/235"}],"collection":[{"href":"https:\/\/www.dalgangen.se\/index.php?rest_route=\/wp\/v2\/pages"}],"about":[{"href":"https:\/\/www.dalgangen.se\/index.php?rest_route=\/wp\/v2\/types\/page"}],"author":[{"embeddable":true,"href":"https:\/\/www.dalgangen.se\/index.php?rest_route=\/wp\/v2\/users\/1"}],"replies":[{"embeddable":true,"href":"https:\/\/www.dalgangen.se\/index.php?rest_route=%2Fwp%2Fv2%2Fcomments&post=235"}],"version-history":[{"count":3,"href":"https:\/\/www.dalgangen.se\/index.php?rest_route=\/wp\/v2\/pages\/235\/revisions"}],"predecessor-version":[{"id":287,"href":"https:\/\/www.dalgangen.se\/index.php?rest_route=\/wp\/v2\/pages\/235\/revisions\/287"}],"wp:attachment":[{"href":"https:\/\/www.dalgangen.se\/index.php?rest_route=%2Fwp%2Fv2%2Fmedia&parent=235"}],"curies":[{"name":"wp","href":"https:\/\/api.w.org\/{rel}","templated":true}]}}