{"id":237,"date":"2020-09-02T21:17:19","date_gmt":"2020-09-02T20:17:19","guid":{"rendered":"http:\/\/www.dalgangen.se\/?page_id=237"},"modified":"2020-09-02T21:38:47","modified_gmt":"2020-09-02T20:38:47","slug":"renovering-och-ombyggnation","status":"publish","type":"page","link":"https:\/\/www.dalgangen.se\/?page_id=237","title":{"rendered":"Renovering och ombyggnation"},"content":{"rendered":"\n<p>Enligt stadgarna f\u00e5r bostadsr\u00e4ttshavare inte utan styrelsens tillst\u00e5nd utf\u00f6ra vissa \u00e5tg\u00e4rder i l\u00e4genheten. Vid tveksamhet ta alltid kontakt med styrelsen. Gl\u00f6m inte att f\u00f6r\u00e4ndringar i l\u00e4genheten <strong>ska alltid utf\u00f6ras fackmannam\u00e4ssigt<\/strong>. Om du vidtagit \u00e5tg\u00e4rder som inneb\u00e4r att du \u00f6verskridit din r\u00e4tt att \u00e4ndra l\u00e4genheten kan du tvingas att \u00e5terst\u00e4lla den i tidigare skick.&nbsp;<\/p>\n\n\n\n<p>H\u00e4runder kan du hitta de riktlinjer som finns ut\u00f6ver f\u00f6reningens stadgar.<\/p>\n\n\n\n<ul><li>F\u00f6r att g\u00f6ra ingrepp i en b\u00e4rande konstruktion eller \u00e4ndring av befintlig ledning f\u00f6r avlopp, v\u00e4rme, gas, eller vatten, kr\u00e4vs styrelsens godk\u00e4nnande.<\/li><li>F\u00f6r att g\u00f6ra andra \u00e4ndringar i l\u00e4genheten kr\u00e4vs styrelsens godk\u00e4nnande om \u00e4ndringen \u00e4r v\u00e4sentlig.<\/li><li>F\u00f6r allas s\u00e4kerhet skall samtliga t\u00e4tskiktsarbeten samt installation av disk- och tv\u00e4ttmaskin utf\u00f6ras av fackman. D\u00e5 kan vi undvika vattenl\u00e4ckor och dyra reparationskostnader i framtiden.&nbsp;<\/li><\/ul>\n\n\n\n<p>Du beh\u00f6ver <strong>inte<\/strong> ta kontakt med styrelsen vid renovering av ytskikt, s\u00e5som golv, tapet och m\u00e5lning.\n\n<\/p>\n\n\n\n<h2><strong>Spika och skruva i v\u00e4ggar och tak<\/strong><\/h2>\n\n\n\n<div class=\"wp-block-media-text alignwide\" style=\"grid-template-columns:30% auto\"><figure class=\"wp-block-media-text__media\"><img loading=\"lazy\" width=\"315\" height=\"327\" src=\"http:\/\/www.dalgangen.se\/wp-content\/uploads\/2020\/09\/stopp_borr.png\" alt=\"\" class=\"wp-image-271\" srcset=\"https:\/\/www.dalgangen.se\/wp-content\/uploads\/2020\/09\/stopp_borr.png 315w, https:\/\/www.dalgangen.se\/wp-content\/uploads\/2020\/09\/stopp_borr-289x300.png 289w\" sizes=\"(max-width: 315px) 100vw, 315px\" \/><\/figure><div class=\"wp-block-media-text__content\">\n<p> <br>I byggnadens ytterv\u00e4ggar och i taket p\u00e5 \u00f6versta v\u00e5ningen har det byggts in en \u00e5ngbromsande folie som skyddar konstruktionerna fr\u00e5n fuktig inomhusluft och d\u00e4rmed risk f\u00f6r dold m\u00f6gelbildning. Folien hindrar kall uteluft att tr\u00e4nga in i bostaden som kallt drag och h\u00e5ller \u00e4ven uppv\u00e4rmningsbehovet p\u00e5 en mycket l\u00e5g niv\u00e5. <\/p>\n<\/div><\/div>\n\n\n\n<p>N\u00e4r du h\u00e4nger upp lampor och andra f\u00f6rem\u00e5l p\u00e5 ytterv\u00e4ggarna eller i taket \u00f6versta v\u00e5ningen \u00e4r det viktigt att anv\u00e4nda s\u00e5 pass korta inf\u00f6stningar att du inte g\u00f6r h\u00e5l i folien. Dina ytterv\u00e4ggar \u00e4r f\u00f6rsedda med tr\u00e4fiberskivor f\u00f6r att du enkelt ska kunna h\u00e4nga upp tavlor och andra f\u00f6rem\u00e5l med skruvar eller spik. Du beh\u00f6ver inte anv\u00e4nda l\u00e4ngre inf\u00e4stningar \u00e4n 50 mm. Taket p\u00e5 \u00f6versta v\u00e5ningen \u00e4r kl\u00e4dd med 2 lager gips (26 mm)och folien \u00e4r placerad 70 mm fr\u00e5n inv\u00e4ndig takyta. Du kan anv\u00e4nda upp till 65 mm l\u00e5nga pluggar. Anv\u00e4nd ett stopp p\u00e5 borren s\u00e5 att du inte r\u00e5kar borra f\u00f6r djupt.<\/p>\n\n\n\n<h2><strong>Renovering av k\u00f6k<\/strong><\/h2>\n\n\n\n<p>K\u00f6ksk\u00e5pan anv\u00e4nds f\u00f6r att suga ut <a href=\"https:\/\/sv.wikipedia.org\/wiki\/Matos\">matos<\/a> i k\u00f6ket och fungerar utan fl\u00e4kt. I l\u00e4genheten sugs fr\u00e5nluften ut bland annat via k\u00f6ksk\u00e5pan i k\u00f6ket.. Spisk\u00e5pan i k\u00f6ket har alltid ett grundfl\u00f6de och forceras via spj\u00e4ll med timer. D\u00e5 spisk\u00e5pan p\u00e5verkar luftfl\u00f6det i l\u00e4genheten \u00e4r det viktigt att inte installera en aktiv k\u00f6ksk\u00e5p med fl\u00e4kt.Vid renovering av k\u00f6k f\u00e5r <strong>endast passiva k\u00f6ksk\u00e5por<\/strong> installeras. Det skall vara st\u00e4llbara grund och forceringsfl\u00f6de. Dessa fl\u00f6den skall injusteras n\u00e4r anl\u00e4ggningen \u00e4r f\u00e4rdigst\u00e4ll. Fl\u00f6derna skall vara lika injusteringsprotokolet. Dokumentet finns att h\u00e4mta i ventilationsp\u00e4rmen fr\u00e5n anl\u00e4ggningsansvarig i styrelsen. \n\n<\/p>\n\n\n\n<h2><strong>Parkering och st\u00e4dning<\/strong><\/h2>\n\n\n\n<p>F\u00f6retag och hantverkare som arbetar i l\u00e4genheterna p\u00e5 uppdrag av bostadsr\u00e4ttshavare ska parkera p\u00e5 f\u00f6reningens <a href=\"https:\/\/sites.google.com\/d\/1ENJbrfyEtW7c4JHdJql0rOH3tgfibIXS\/p\/1swu55O5OgsBYrMjRjTAxOF8GXzK3TtyP\/edit\">g\u00e4stparkeringsplatser<\/a>. Parkering \u00e4r inte till\u00e5ten i rondellen annat \u00e4n vid i- och urlastning, max 20 minuter \u00e5t g\u00e5ngen. Bostadsr\u00e4ttshavaren ansvarar f\u00f6r att st\u00e4dning efter anlitade entrepren\u00f6rer utf\u00f6rs i samtliga gemensamma utrymmen.&nbsp;<\/p>\n\n\n\n<p>Det \u00e4r f\u00f6rbjudet att f\u00f6rvara eller arbeta med byggnadsmaterial i trapphusen och loftg\u00e5ngarna. Varje bostadsr\u00e4ttshavare skall transportera sitt avfall till \u00e5tervinningscentral. Det \u00e4r inte till\u00e5tet att l\u00e4mna byggavfall i f\u00f6reningens avfallbeh\u00e5llaren. F\u00f6reningens allm\u00e4nna eluttag f\u00e5r inte anv\u00e4ndas av enskild bostadsr\u00e4ttshavare vid renovering. <\/p>\n","protected":false},"excerpt":{"rendered":"<p>Enligt stadgarna f\u00e5r bostadsr\u00e4ttshavare inte utan styrelsens tillst\u00e5nd utf\u00f6ra vissa \u00e5tg\u00e4rder i l\u00e4genheten. Vid tveksamhet ta alltid kontakt med styrelsen. Gl\u00f6m inte att f\u00f6r\u00e4ndringar i l\u00e4genheten ska alltid utf\u00f6ras fackmannam\u00e4ssigt. Om du vidtagit \u00e5tg\u00e4rder som inneb\u00e4r att du \u00f6verskridit din r\u00e4tt att \u00e4ndra l\u00e4genheten kan du tvingas att \u00e5terst\u00e4lla den i tidigare skick.&nbsp; H\u00e4runder kan &hellip; <\/p>\n<p class=\"link-more\"><a href=\"https:\/\/www.dalgangen.se\/?page_id=237\" class=\"more-link\">Forts\u00e4tt l\u00e4sa<span class=\"screen-reader-text\"> \u201dRenovering och ombyggnation\u201d<\/span><\/a><\/p>\n","protected":false},"author":1,"featured_media":0,"parent":0,"menu_order":0,"comment_status":"closed","ping_status":"closed","template":"","meta":[],"_links":{"self":[{"href":"https:\/\/www.dalgangen.se\/index.php?rest_route=\/wp\/v2\/pages\/237"}],"collection":[{"href":"https:\/\/www.dalgangen.se\/index.php?rest_route=\/wp\/v2\/pages"}],"about":[{"href":"https:\/\/www.dalgangen.se\/index.php?rest_route=\/wp\/v2\/types\/page"}],"author":[{"embeddable":true,"href":"https:\/\/www.dalgangen.se\/index.php?rest_route=\/wp\/v2\/users\/1"}],"replies":[{"embeddable":true,"href":"https:\/\/www.dalgangen.se\/index.php?rest_route=%2Fwp%2Fv2%2Fcomments&post=237"}],"version-history":[{"count":4,"href":"https:\/\/www.dalgangen.se\/index.php?rest_route=\/wp\/v2\/pages\/237\/revisions"}],"predecessor-version":[{"id":278,"href":"https:\/\/www.dalgangen.se\/index.php?rest_route=\/wp\/v2\/pages\/237\/revisions\/278"}],"wp:attachment":[{"href":"https:\/\/www.dalgangen.se\/index.php?rest_route=%2Fwp%2Fv2%2Fmedia&parent=237"}],"curies":[{"name":"wp","href":"https:\/\/api.w.org\/{rel}","templated":true}]}}